 = k**3 - 4*k**2 - 4*k - 5. Let a be g(7). What are the prime factors of a - (1 + 1) - -3?
5, 23
What are the prime factors of 8/6 - (-21730)/15?
2, 5, 29
Suppose -526 = -i - i. What are the prime factors of i?
263
Let l(a) = a**3 - 10*a**2 + 3. Let i be l(10). Let k(p) = -2*p**2 + 4*p - 1. Let d be k(i). Let z = d - -75. What are the prime factors of z?
2, 17
Suppose -4*o - 106 = 42. Let k = o - -16. Let c = -10 - k. What are the prime factors of c?
11
Let c(w) = -w**2 + 5*w - 9. Let b be c(5). Let g be (60/(-9) + 3)*b. Let u = -17 + g. What are the prime factors of u?
2
Let m(s) = 6*s + 6. Let w be m(4). Suppose 5*p + 5 = w. Suppose -3*o + p = -76. What are the prime factors of o?
3
Let d = 634 - -165. What are the prime factors of d?
17, 47
Let p(d) = -773*d - 107. List the prime factors of p(-2).
1439
Let d(r) = -r**3 - 7*r**2 + 12*r - 21. What are the prime factors of d(-9)?
3, 11
Suppose 0 = -s - 2*s + 6. Suppose s*j = 182 + 456. What are the prime factors of j?
11, 29
Let i(j) = 382*j**2 + 46*j + 86. What are the prime factors of i(-2)?
2, 761
What are the prime factors of -2*(3 - (-4424)/(-16))?
547
Suppose -m + 3*z = 5*z - 910, 2*m - 1815 = -3*z. List the prime factors of m.
2, 3, 5
Let v(t) = 198*t - 200. What are the prime factors of v(8)?
2, 173
Suppose 0*m - 2*m + 4 = 0, p + 2*m = 278. What are the prime factors of p?
2, 137
Suppose 0 = -5*b + 25, p - 159 = -3*p + 5*b. List the prime factors of (5 - p/8)*-8*3.
2, 3
Suppose 1251*z - 1245*z = 7434. What are the prime factors of z?
3, 7, 59
What are the prime factors of (-1 + 1/(-4))/(2/(-576))?
2, 3, 5
Suppose 2*b = -2*k + 330, -k - 556 + 57 = -3*b. What are the prime factors of b?
2, 83
Suppose o + 1 = -2*g, 5*o + 0*g - g = 39. Suppose o*b = 9*b - 458. List the prime factors of b.
229
Let c be 75/(-10)*(-8)/(-10). Let s(a) = 8*a - 13. Let y(x) = -7*x + 12. Let q(j) = 5*s(j) + 6*y(j). List the prime factors of q(c).
19
Suppose 0 = -r - 4, -3*x + 0*r + 2 = 4*r. Suppose 4*u - 8 = 0, 4*z = x*z - 4*u - 8. List the prime factors of z.
2
List the prime factors of 0 + (-24776)/(-32) + (-2)/8.
2, 3, 43
Let r be ((-15)/(-20))/((-1)/(-4)) + 155. List the prime factors of (r - 9) + (1 - -3).
3, 17
Suppose 0 = -5*a - 4 - 21, 5*s - 235 = -a. List the prime factors of s.
2, 3
Let j be (4 + -12 - 0) + 3. Let y = j + 14. What are the prime factors of 1338/18 + 6/y?
3, 5
Suppose 3*c - 3*v - 24 = 6, 3*v + 45 = 4*c. Let p = c - 5. What are the prime factors of p?
2, 5
Suppose 208 = 33*h - 31*h. Let l = h + 11. List the prime factors of l.
5, 23
Let d be 5 + (3 + -3)/1. Suppose -9 + 49 = 4*v - 3*w, 61 = d*v - w. Let n(p) = -p**3 + 13*p**2 + 4*p + 8. List the prime factors of n(v).
2, 3, 5
Let o = -14 - -12. Let x(a) = 5*a**2 + 2*a. Let n be x(o). Suppose 0 = -2*c - w + 12, -2*c + 2 + n = 4*w. What are the prime factors of c?
5
Let j = 10 + -7. Let f(u) = 2*u**3 - 2*u**2 + 5*u + 2. List the prime factors of f(j).
53
Suppose 4*x - 4*m - m - 3111 = 0, 0 = -5*x - 5*m + 3855. List the prime factors of x.
2, 3, 43
Suppose 10*z = 6*z + 4*v + 2988, -4*z - v + 3003 = 0. What are the prime factors of z?
2, 3, 5
Let n(d) = -d**3 - d**2 + 4*d + 4. Let w be n(-2). Suppose 606 = -w*j + 6*j. List the prime factors of j.
101
Suppose 2*g = 5*g - 27. Let j = g - 4. Suppose -29 = -p - p - 5*c, j*c = 5*p + 15. List the prime factors of p.
2
Let d(u) = 14*u - 8. Let k be d(2). Suppose -239 - k = -7*f. List the prime factors of f.
37
Suppose 11*h + 305 - 23625 = 0. List the prime factors of h.
2, 5, 53
List the prime factors of 2 + 55/(-22) - 3039/(-2).
7, 31
Suppose -2*u - 16 + 2 = 0. Let a be (8/(-6))/(3/54). Let l = u - a. What are the prime factors of l?
17
Let z be (2/6)/(5/60). Suppose -5*s - a - 109 = 71, 0 = -z*s - 5*a - 144. Let w = 10 - s. What are the prime factors of w?
2, 23
Suppose 0*l + 3*l = 159. Suppose l*y = 49*y + 872. List the prime factors of y.
2, 109
Suppose 5*a = -4*k + 51, 5*a = -k + 11 - 2. Let f = k - -3. What are the prime factors of f?
17
Let g = 0 + 7. Suppose -6*f - 2 = -g*f. Suppose -o + 19 = -3*v - 2, -f*o - 5*v + 64 = 0. What are the prime factors of o?
3
Suppose -4*u - 8 - 8 = 0. List the prime factors of (2 + u)/(3/(-306)).
2, 3, 17
Let v = 134 - 149. Let f = v - -246. List the prime factors of f.
3, 7, 11
Let g(d) be the first derivative of -21*d**2/2 - 10*d - 15. List the prime factors of g(-5).
5, 19
Let r be 0/(2 - (-6)/(-2)). Suppose r*q - 322 = -7*q. What are the prime factors of q?
2, 23
Suppose -10 = -4*i + 6, -3*i = 5*h + 48. Let u = h - -150. List the prime factors of u/8 + (-21)/(-28).
2, 3
Let z(r) = -5*r**3 + 3*r**3 - 8*r + 8*r**2 + 8 + r**3. Let h be z(9). Let c = 208 + h. List the prime factors of c.
3, 7
Let l = -190 - -381. List the prime factors of l.
191
Suppose -2*q = -3*q + 3. Suppose 2*y + 2*k = 16, 3*y - 24 = -2*y + q*k. What are the prime factors of (-3 - 0)*(-16)/y?
2
Suppose -3*x + 2*c = -15, x = -2*x - 3*c + 15. Suppose 3*k + 80 = -x*r, -3*r - k = -r + 31. Let i = r - -34. What are the prime factors of i?
3, 7
Suppose -12 + 0 = -4*h. Suppose 5*b = h*b - 22. Let l = 17 + b. What are the prime factors of l?
2, 3
Let a be 254/4 - (-7)/(-14). Suppose -40 = 58*q - a*q. What are the prime factors of q?
2
Suppose 286 = 2*r - 4*o, 3*r - 418 = -o - 4*o. What are the prime factors of r?
3, 47
Let q be 2/(-6)*-3 + (2 - 1). Suppose 655 - 25 = 4*v + 3*t, -q*t - 799 = -5*v. List the prime factors of v.
3, 53
Suppose 3*n - 103 = 5*f, n = 2*f - 2 + 35. What are the prime factors of n?
41
Suppose -138544 = 35*q - 91*q. What are the prime factors of q?
2, 1237
Suppose 36*r - 62*r = -72800. List the prime factors of r.
2, 5, 7
Let p = -52 + 52. Suppose -4*x - w = w - 418, p = -x + 2*w + 117. What are the prime factors of x?
107
Let l(s) = -4 + 12 + 2*s + 14 + 4*s. What are the prime factors of l(9)?
2, 19
Let k(w) = w**3 + 14*w**2 - 26*w - 21. What are the prime factors of k(-8)?
571
Suppose 0 = 64*r - 66*r - 186. What are the prime factors of 68/((-4 - r/24)*-4)?
2, 17
Let b(h) = h**3 - 8*h**2 - 7*h - 14. Let y be b(9). Suppose 0 = y*u + 5*p - 90, -4*u + 7*p + 70 = 2*p. What are the prime factors of u?
2, 5
Let q = 849 + -296. List the prime factors of q.
7, 79
What are the prime factors of 171 + ((-3)/3 + 3)*-1?
13
Let n(p) = p**3 - 9*p**2 + 7*p + 21. Let r(t) = 3*t + 1. Let g be r(3). List the prime factors of n(g).
191
Suppose 0 = -0*y - y + 2. Suppose 2*q + 8 = f, -5*f - 5 = y*q - 45. What are the prime factors of f?
2
Let h = 6 - -12. Suppose -8*n = -2*n - h. What are the prime factors of (-173)/(-3) - (-1)/n?
2, 29
Let a = -291 - -289. Let v = 27 - 11. List the prime factors of (92/v - a)*4.
31
Let r be (-4)/10 - (-14)/10. Let n(k) = -120*k - 1. Let z be n(r). Let x = z + 171. List the prime factors of x.
2, 5
Let p be 1/((-3)/(-3)) - -179. Suppose 3*m - p = 27. Suppose 0*a - 3*a + 57 = 2*z, 0 = -3*a + 2*z + m. What are the prime factors of a?
3, 7
Let u(t) = -3*t + 46. Let d be u(14). Let q(c) = 11*c**2 - 10*c + 3. List the prime factors of q(d).
139
What are the prime factors of (-32)/(-56) + (-13)/((-182)/6768)?
2, 11
Let c(u) = -5*u + 51. Let z be c(9). What are the prime factors of (-56)/(-3) - (-2)/z?
19
Suppose 2*y + 4*r = 5976, y = -3*y - r + 11952. What are the prime factors of y?
2, 3, 83
Let v(t) = t - 8. Let p be v(5). Let w(d) be the first derivative of -13*d**2/2 + 8*d + 2. What are the prime factors of w(p)?
47
Suppose 4*k - 3901 = f, 4*f - 2195 = -3*k + 745. What are the prime factors of k?
2, 61
Suppose -4*z + 3505 = 3*s, -4*s = z - 3775 - 894. List the prime factors of s.
3, 389
Suppose 29*o - 24*o - 1470 = 0. List the prime factors of o.
2, 3, 7
List the prime factors of (-45100)/(-77) - 6/(-21).
2, 293
Suppose -2*u + 1980 = w, w - 1976 = -2*u - 2*w. List the prime factors of u.
991
Let s = -284 - -518. List the prime factors of s.
2, 3, 13
Let r = 813 - 270. Suppose -r = -6*g + 69. List the prime factors of g.
2, 3, 17
Let i = 12 - 7. Suppose -64 = -3*d + i. Let f = -3 + d. What are the prime factors of f?
2, 5
Suppose -2*j - 3458 + 8220 = 0. List the prime factors of j.
2381
Let r(u) = u**2 - 6*u + 6. Let a be r(5). Let j(g) = g**3 + g**2 - 2*g + 1. Let l be j(a). Let h = l - -19. List the prime factors of h.
2, 5
Let k(h) = -34*h + 103. List the p